{"id":209,"date":"2020-01-22T14:34:15","date_gmt":"2020-01-22T14:34:15","guid":{"rendered":"https:\/\/malina.artstudioworks.net\/freshico\/?page_id=2"},"modified":"2026-02-11T17:15:17","modified_gmt":"2026-02-11T17:15:17","slug":"blog","status":"publish","type":"page","link":"https:\/\/infinitom.ro\/index.php\/blog\/","title":{"rendered":"Blog"},"content":{"rendered":"\t\t<div data-elementor-type=\"wp-page\" data-elementor-id=\"209\" class=\"elementor elementor-209\">\n\t\t\t\t\t\t<section class=\"elementor-section elementor-top-section elementor-element elementor-element-62f2ead4 elementor-section-full_width elementor-section-height-min-height elementor-section-height-default elementor-section-items-middle\" data-id=\"62f2ead4\" data-element_type=\"section\" data-settings=\"{&quot;background_background&quot;:&quot;classic&quot;}\">\n\t\t\t\t\t\t\t<div class=\"elementor-background-overlay\"><\/div>\n\t\t\t\t\t\t\t<div class=\"elementor-container elementor-column-gap-default\">\n\t\t\t\t\t<div class=\"elementor-column elementor-col-100 elementor-top-column elementor-element elementor-element-73ca8c7e\" data-id=\"73ca8c7e\" data-element_type=\"column\">\n\t\t\t<div class=\"elementor-widget-wrap elementor-element-populated\">\n\t\t\t\t\t\t<div class=\"elementor-element elementor-element-2af17f05 animated-fast elementor-invisible elementor-widget elementor-widget-heading\" data-id=\"2af17f05\" data-element_type=\"widget\" data-settings=\"{&quot;_animation&quot;:&quot;fadeInDown&quot;}\" data-widget_type=\"heading.default\">\n\t\t\t\t<div class=\"elementor-widget-container\">\n\t\t\t<h2 class=\"elementor-heading-title elementor-size-default\">\u00cempreun\u0103 se poate<\/h2>\t\t<\/div>\n\t\t\t\t<\/div>\n\t\t\t\t<div class=\"elementor-element elementor-element-53937705 elementor-invisible elementor-widget elementor-widget-text-editor\" data-id=\"53937705\" data-element_type=\"widget\" data-settings=\"{&quot;_animation&quot;:&quot;fadeIn&quot;,&quot;_animation_delay&quot;:300}\" data-widget_type=\"text-editor.default\">\n\t\t\t\t<div class=\"elementor-widget-container\">\n\t\t\t\t\t\t\t<p>Vrem s\u0103 \u00eemp\u0103rt\u0103\u0219im cu tine experien\u021bele al\u0103turi de oameni asemeni \u021bie, plini de compasiune \u0219i care dau via\u021b\u0103 p\u0103cii \u00een lumile lor.<\/p>\t\t\t\t\t\t<\/div>\n\t\t\t\t<\/div>\n\t\t\t\t<div class=\"elementor-element elementor-element-8afbad1 elementor-align-center elementor-invisible elementor-widget elementor-widget-button\" data-id=\"8afbad1\" data-element_type=\"widget\" data-settings=\"{&quot;_animation&quot;:&quot;fadeIn&quot;,&quot;_animation_delay&quot;:600}\" data-widget_type=\"button.default\">\n\t\t\t\t<div class=\"elementor-widget-container\">\n\t\t\t\t\t<div class=\"elementor-button-wrapper\">\n\t\t\t<a class=\"elementor-button elementor-button-link elementor-size-sm\" href=\"https:\/\/infinitom.ro\/index.php\/povestea-noastra\/\">\n\t\t\t\t\t\t<span class=\"elementor-button-content-wrapper\">\n\t\t\t\t\t\t\t\t\t<span class=\"elementor-button-text\">AFL\u0102 MAI MULTE<\/span>\n\t\t\t\t\t<\/span>\n\t\t\t\t\t<\/a>\n\t\t<\/div>\n\t\t\t\t<\/div>\n\t\t\t\t<\/div>\n\t\t\t\t\t<\/div>\n\t\t<\/div>\n\t\t\t\t\t<\/div>\n\t\t<\/section>\n\t\t\t\t<section class=\"elementor-section elementor-top-section elementor-element elementor-element-36fe7326 elementor-section-boxed elementor-section-height-default elementor-section-height-default\" data-id=\"36fe7326\" data-element_type=\"section\">\n\t\t\t\t\t\t<div class=\"elementor-container elementor-column-gap-default\">\n\t\t\t\t\t<div class=\"elementor-column elementor-col-100 elementor-top-column elementor-element elementor-element-54fe3a52\" data-id=\"54fe3a52\" data-element_type=\"column\">\n\t\t\t<div class=\"elementor-widget-wrap elementor-element-populated\">\n\t\t\t\t\t\t<div class=\"elementor-element elementor-element-67f22cc7 elementor-widget elementor-widget-heading\" data-id=\"67f22cc7\" data-element_type=\"widget\" data-widget_type=\"heading.default\">\n\t\t\t\t<div class=\"elementor-widget-container\">\n\t\t\t<h3 class=\"elementor-heading-title elementor-size-default\">ATINGEREA POTEN\u021aIALULUI \u00ce\u0218I ARE R\u0102D\u0102CINA CHIAR AICI<\/h3>\t\t<\/div>\n\t\t\t\t<\/div>\n\t\t\t\t<div class=\"elementor-element elementor-element-6fb5b21f elementor-widget elementor-widget-text-editor\" data-id=\"6fb5b21f\" data-element_type=\"widget\" data-widget_type=\"text-editor.default\">\n\t\t\t\t<div class=\"elementor-widget-container\">\n\t\t\t\t\t\t\t<p>DE LA OAMENI, CU OAMENI, PENTRU OAMENI<\/p>\t\t\t\t\t\t<\/div>\n\t\t\t\t<\/div>\n\t\t\t\t\t<\/div>\n\t\t<\/div>\n\t\t\t\t\t<\/div>\n\t\t<\/section>\n\t\t\t\t<section class=\"elementor-section elementor-top-section elementor-element elementor-element-2a9834af elementor-section-full_width elementor-section-height-default elementor-section-height-default\" data-id=\"2a9834af\" data-element_type=\"section\">\n\t\t\t\t\t\t<div class=\"elementor-container elementor-column-gap-default\">\n\t\t\t\t\t<div class=\"elementor-column elementor-col-100 elementor-top-column elementor-element elementor-element-138fd9c9\" data-id=\"138fd9c9\" data-element_type=\"column\">\n\t\t\t<div class=\"elementor-widget-wrap elementor-element-populated\">\n\t\t\t\t\t\t<div class=\"elementor-element elementor-element-42209552 elementor-widget elementor-widget-malina-recent-posts\" data-id=\"42209552\" data-element_type=\"widget\" data-widget_type=\"malina-recent-posts.default\">\n\t\t\t\t<div class=\"elementor-widget-container\">\n\t\t\t<div id=\"latest-posts\"><div id=\"blog-posts-1\" class=\"row-fluid blog-posts\"><article class=\"post-size span4 style_4 1174 post-1174 post type-post status-publish format-standard has-post-thumbnail hentry category-sustenabilitate post\"><div class=\"post-content-container textcenter\"><div class=\"post-img-block\"><div class=\"label-date\"><span class=\"day\">14<\/span><span class=\"month\">Feb<\/span><\/div><figure class=\"post-img\"><a href=\"https:\/\/infinitom.ro\/index.php\/2022\/02\/14\/5-schimbari-sustenabile-simple-pentru-a-ti-reduce-costurile-de-zi-cu-zi\/\" rel=\"bookmark\"><img fetchpriority=\"high\" decoding=\"async\" width=\"585\" height=\"329\" src=\"https:\/\/infinitom.ro\/wp-content\/uploads\/2022\/02\/energy-g758299398_1920-585x329.jpg\" class=\"attachment-malina-masonry size-malina-masonry wp-post-image\" alt=\"\" srcset=\"https:\/\/infinitom.ro\/wp-content\/uploads\/2022\/02\/energy-g758299398_1920-585x329.jpg 585w, https:\/\/infinitom.ro\/wp-content\/uploads\/2022\/02\/energy-g758299398_1920-768x432.jpg 768w, https:\/\/infinitom.ro\/wp-content\/uploads\/2022\/02\/energy-g758299398_1920-1536x864.jpg 1536w, https:\/\/infinitom.ro\/wp-content\/uploads\/2022\/02\/energy-g758299398_1920.jpg 1920w\" sizes=\"(max-width: 585px) 100vw, 585px\" \/><\/a><\/figure><\/div><div class=\"post-content-block\"><header class=\"title\"><h2 itemprop=\"headline\"><a href=\"https:\/\/infinitom.ro\/index.php\/2022\/02\/14\/5-schimbari-sustenabile-simple-pentru-a-ti-reduce-costurile-de-zi-cu-zi\/\" title=\"Permalink to 5 schimb\u0103ri sustenabile simple pentru a-\u021bi reduce costurile de zi cu zi\" rel=\"bookmark\">5 schimb\u0103ri sustenabile simple pentru a-\u021bi reduce costurile de zi cu zi<\/a><\/h2><\/header><div class=\"post-content\"><\/div><a class=\"readmore\" href=\"https:\/\/infinitom.ro\/index.php\/2022\/02\/14\/5-schimbari-sustenabile-simple-pentru-a-ti-reduce-costurile-de-zi-cu-zi\/\">Read more<\/a><\/div><\/div><\/article><article class=\"post-size span4 style_4 1166 post-1166 post type-post status-publish format-standard has-post-thumbnail hentry category-dezvoltare post\"><div class=\"post-content-container textcenter\"><div class=\"post-img-block\"><div class=\"label-date\"><span class=\"day\">03<\/span><span class=\"month\">Feb<\/span><\/div><figure class=\"post-img\"><a href=\"https:\/\/infinitom.ro\/index.php\/2022\/02\/03\/cum-transformi-dorinta-in-putinta\/\" rel=\"bookmark\"><img decoding=\"async\" width=\"585\" height=\"329\" src=\"https:\/\/infinitom.ro\/wp-content\/uploads\/2022\/02\/pexels-pixabay-51426-585x329.jpg\" class=\"attachment-malina-masonry size-malina-masonry wp-post-image\" alt=\"\" srcset=\"https:\/\/infinitom.ro\/wp-content\/uploads\/2022\/02\/pexels-pixabay-51426-585x329.jpg 585w, https:\/\/infinitom.ro\/wp-content\/uploads\/2022\/02\/pexels-pixabay-51426-768x432.jpg 768w, https:\/\/infinitom.ro\/wp-content\/uploads\/2022\/02\/pexels-pixabay-51426-1536x864.jpg 1536w, https:\/\/infinitom.ro\/wp-content\/uploads\/2022\/02\/pexels-pixabay-51426-2048x1152.jpg 2048w\" sizes=\"(max-width: 585px) 100vw, 585px\" \/><\/a><\/figure><\/div><div class=\"post-content-block\"><header class=\"title\"><h2 itemprop=\"headline\"><a href=\"https:\/\/infinitom.ro\/index.php\/2022\/02\/03\/cum-transformi-dorinta-in-putinta\/\" title=\"Permalink to Cum transformi dorin\u021ba \u00een putin\u021b\u0103?\" rel=\"bookmark\">Cum transformi dorin\u021ba \u00een putin\u021b\u0103?<\/a><\/h2><\/header><div class=\"post-content\"><\/div><a class=\"readmore\" href=\"https:\/\/infinitom.ro\/index.php\/2022\/02\/03\/cum-transformi-dorinta-in-putinta\/\">Read more<\/a><\/div><\/div><\/article><article class=\"post-size span4 style_4 1065 post-1065 post type-post status-publish format-standard has-post-thumbnail hentry category-e-ams post\"><div class=\"post-content-container textcenter\"><div class=\"post-img-block\"><div class=\"label-date\"><span class=\"day\">11<\/span><span class=\"month\">Sep<\/span><\/div><figure class=\"post-img\"><a href=\"https:\/\/infinitom.ro\/index.php\/2021\/09\/11\/leadership-game-e-ams-editia-i\/\" rel=\"bookmark\"><img decoding=\"async\" width=\"585\" height=\"585\" src=\"https:\/\/infinitom.ro\/wp-content\/uploads\/2021\/10\/3-585x585.jpg\" class=\"attachment-malina-masonry size-malina-masonry wp-post-image\" alt=\"Leadership Game\" srcset=\"https:\/\/infinitom.ro\/wp-content\/uploads\/2021\/10\/3-585x585.jpg 585w, https:\/\/infinitom.ro\/wp-content\/uploads\/2021\/10\/3-160x160.jpg 160w, https:\/\/infinitom.ro\/wp-content\/uploads\/2021\/10\/3-768x768.jpg 768w, https:\/\/infinitom.ro\/wp-content\/uploads\/2021\/10\/3.jpg 1080w\" sizes=\"(max-width: 585px) 100vw, 585px\" \/><\/a><\/figure><\/div><div class=\"post-content-block\"><header class=\"title\"><h2 itemprop=\"headline\"><a href=\"https:\/\/infinitom.ro\/index.php\/2021\/09\/11\/leadership-game-e-ams-editia-i\/\" title=\"Permalink to Leadership Game . E-AMS . edi\u021bia I\" rel=\"bookmark\">Leadership Game . E-AMS . edi\u021bia I<\/a><\/h2><\/header><div class=\"post-content\"><\/div><a class=\"readmore\" href=\"https:\/\/infinitom.ro\/index.php\/2021\/09\/11\/leadership-game-e-ams-editia-i\/\">Read more<\/a><\/div><\/div><\/article><article class=\"post-size span4 style_4 1051 post-1051 post type-post status-publish format-standard has-post-thumbnail hentry category-e-ams post\"><div class=\"post-content-container textcenter\"><div class=\"post-img-block\"><div class=\"label-date\"><span class=\"day\">04<\/span><span class=\"month\">Sep<\/span><\/div><figure class=\"post-img\"><a href=\"https:\/\/infinitom.ro\/index.php\/2021\/09\/04\/branding-personal-networking-e-ams-editia-i\/\" rel=\"bookmark\"><img loading=\"lazy\" decoding=\"async\" width=\"585\" height=\"585\" src=\"https:\/\/infinitom.ro\/wp-content\/uploads\/2021\/10\/2-585x585.jpg\" class=\"attachment-malina-masonry size-malina-masonry wp-post-image\" alt=\"Branding &amp; Networking . E-AMS 1\" srcset=\"https:\/\/infinitom.ro\/wp-content\/uploads\/2021\/10\/2-585x585.jpg 585w, https:\/\/infinitom.ro\/wp-content\/uploads\/2021\/10\/2-160x160.jpg 160w, https:\/\/infinitom.ro\/wp-content\/uploads\/2021\/10\/2-768x768.jpg 768w, https:\/\/infinitom.ro\/wp-content\/uploads\/2021\/10\/2.jpg 1080w\" sizes=\"(max-width: 585px) 100vw, 585px\" \/><\/a><\/figure><\/div><div class=\"post-content-block\"><header class=\"title\"><h2 itemprop=\"headline\"><a href=\"https:\/\/infinitom.ro\/index.php\/2021\/09\/04\/branding-personal-networking-e-ams-editia-i\/\" title=\"Permalink to Branding Personal &#038; Networking . E-AMS . edi\u021bia I\" rel=\"bookmark\">Branding Personal &#038; Networking . E-AMS . edi\u021bia I<\/a><\/h2><\/header><div class=\"post-content\"><\/div><a class=\"readmore\" href=\"https:\/\/infinitom.ro\/index.php\/2021\/09\/04\/branding-personal-networking-e-ams-editia-i\/\">Read more<\/a><\/div><\/div><\/article><article class=\"post-size span4 style_4 1037 post-1037 post type-post status-publish format-standard has-post-thumbnail hentry category-e-ams post\"><div class=\"post-content-container textcenter\"><div class=\"post-img-block\"><div class=\"label-date\"><span class=\"day\">01<\/span><span class=\"month\">Sep<\/span><\/div><figure class=\"post-img\"><a href=\"https:\/\/infinitom.ro\/index.php\/2021\/09\/01\/comunicarea-e-ams-editia-i\/\" rel=\"bookmark\"><img loading=\"lazy\" decoding=\"async\" width=\"585\" height=\"585\" src=\"https:\/\/infinitom.ro\/wp-content\/uploads\/2021\/10\/1-1-585x585.jpg\" class=\"attachment-malina-masonry size-malina-masonry wp-post-image\" alt=\"Comunicare . E-AMS\" srcset=\"https:\/\/infinitom.ro\/wp-content\/uploads\/2021\/10\/1-1-585x585.jpg 585w, https:\/\/infinitom.ro\/wp-content\/uploads\/2021\/10\/1-1-160x160.jpg 160w, https:\/\/infinitom.ro\/wp-content\/uploads\/2021\/10\/1-1-768x768.jpg 768w, https:\/\/infinitom.ro\/wp-content\/uploads\/2021\/10\/1-1.jpg 1080w\" sizes=\"(max-width: 585px) 100vw, 585px\" \/><\/a><\/figure><\/div><div class=\"post-content-block\"><header class=\"title\"><h2 itemprop=\"headline\"><a href=\"https:\/\/infinitom.ro\/index.php\/2021\/09\/01\/comunicarea-e-ams-editia-i\/\" title=\"Permalink to Comunicarea . E-AMS . edi\u021bia I\" rel=\"bookmark\">Comunicarea . E-AMS . edi\u021bia I<\/a><\/h2><\/header><div class=\"post-content\"><\/div><a class=\"readmore\" href=\"https:\/\/infinitom.ro\/index.php\/2021\/09\/01\/comunicarea-e-ams-editia-i\/\">Read more<\/a><\/div><\/div><\/article><article class=\"post-size span4 style_4 998 post-998 post type-post status-publish format-standard hentry category-e-ams post\"><div class=\"post-content-container textcenter\"><div class=\"post-img-block\"><div class=\"label-date\"><span class=\"day\">15<\/span><span class=\"month\">Jun<\/span><\/div><\/div><div class=\"post-content-block\"><header class=\"title\"><h2 itemprop=\"headline\"><a href=\"https:\/\/infinitom.ro\/index.php\/2021\/06\/15\/crearea-burselor-e-ams\/\" title=\"Permalink to Crearea burselor E-AMS\" rel=\"bookmark\">Crearea burselor E-AMS<\/a><\/h2><\/header><div class=\"post-content\"><\/div><a class=\"readmore\" href=\"https:\/\/infinitom.ro\/index.php\/2021\/06\/15\/crearea-burselor-e-ams\/\">Read more<\/a><\/div><\/div><\/article><\/div><\/div>\t\t<\/div>\n\t\t\t\t<\/div>\n\t\t\t\t\t<\/div>\n\t\t<\/div>\n\t\t\t\t\t<\/div>\n\t\t<\/section>\n\t\t\t\t<section class=\"elementor-section elementor-top-section elementor-element elementor-element-1c2e2811 elementor-hidden-desktop elementor-hidden-tablet elementor-hidden-mobile elementor-section-boxed elementor-section-height-default elementor-section-height-default\" data-id=\"1c2e2811\" data-element_type=\"section\" data-settings=\"{&quot;background_background&quot;:&quot;classic&quot;}\">\n\t\t\t\t\t\t\t<div class=\"elementor-background-overlay\"><\/div>\n\t\t\t\t\t\t\t<div class=\"elementor-container elementor-column-gap-default\">\n\t\t\t\t\t<div class=\"elementor-column elementor-col-100 elementor-top-column elementor-element elementor-element-bd689a0\" data-id=\"bd689a0\" data-element_type=\"column\">\n\t\t\t<div class=\"elementor-widget-wrap elementor-element-populated\">\n\t\t\t\t\t\t<div class=\"elementor-element elementor-element-1444b62f elementor-widget elementor-widget-heading\" data-id=\"1444b62f\" data-element_type=\"widget\" data-widget_type=\"heading.default\">\n\t\t\t\t<div class=\"elementor-widget-container\">\n\t\t\t<h2 class=\"elementor-heading-title elementor-size-default\">ABONEAZ\u0102-TE LA NEWSLETTER<\/h2>\t\t<\/div>\n\t\t\t\t<\/div>\n\t\t\t\t<div class=\"elementor-element elementor-element-e485725 elementor-widget elementor-widget-wp-widget-forminator_widget\" data-id=\"e485725\" data-element_type=\"widget\" data-widget_type=\"wp-widget-forminator_widget.default\">\n\t\t\t\t<div class=\"elementor-widget-container\">\n\t\t\t<div class=\"widget widget_forminator_widget\"><form id=\"forminator-module-308\" class=\"forminator-custom-form forminator-custom-form-308\" method=\"post\" data-forminator-render=\"0\" data-uid=\"69f4e09aec0d5\"><div role=\"alert\" aria-live=\"polite\" class=\"forminator-response-message forminator-error\" aria-hidden=\"true\"><\/div><\/form><\/div>\t\t<\/div>\n\t\t\t\t<\/div>\n\t\t\t\t\t<\/div>\n\t\t<\/div>\n\t\t\t\t\t<\/div>\n\t\t<\/section>\n\t\t\t\t<\/div>\n\t\t","protected":false},"excerpt":{"rendered":"<p>\u00cempreun\u0103 se poate Vrem s\u0103 \u00eemp\u0103rt\u0103\u0219im cu tine experien\u021bele al\u0103turi de oameni asemeni \u021bie, plini de compasiune \u0219i care dau via\u021b\u0103 p\u0103cii \u00een lumile lor. AFL\u0102 MAI MULTE ATINGEREA POTEN\u021aIALULUI \u00ce\u0218I ARE R\u0102D\u0102CINA CHIAR AICI DE LA OAMENI, CU OAMENI, PENTRU OAMENI 14Feb 5 schimb\u0103ri sustenabile simple pentru a-\u021bi reduce costurile de zi cu zi<\/p>\n","protected":false},"author":1,"featured_media":0,"parent":0,"menu_order":0,"comment_status":"closed","ping_status":"open","template":"page-fullwidth.php","meta":{"footnotes":""},"class_list":["post-209","page","type-page","status-publish","hentry"],"_links":{"self":[{"href":"https:\/\/infinitom.ro\/index.php\/wp-json\/wp\/v2\/pages\/209","targetHints":{"allow":["GET"]}}],"collection":[{"href":"https:\/\/infinitom.ro\/index.php\/wp-json\/wp\/v2\/pages"}],"about":[{"href":"https:\/\/infinitom.ro\/index.php\/wp-json\/wp\/v2\/types\/page"}],"author":[{"embeddable":true,"href":"https:\/\/infinitom.ro\/index.php\/wp-json\/wp\/v2\/users\/1"}],"replies":[{"embeddable":true,"href":"https:\/\/infinitom.ro\/index.php\/wp-json\/wp\/v2\/comments?post=209"}],"version-history":[{"count":33,"href":"https:\/\/infinitom.ro\/index.php\/wp-json\/wp\/v2\/pages\/209\/revisions"}],"predecessor-version":[{"id":1307,"href":"https:\/\/infinitom.ro\/index.php\/wp-json\/wp\/v2\/pages\/209\/revisions\/1307"}],"wp:attachment":[{"href":"https:\/\/infinitom.ro\/index.php\/wp-json\/wp\/v2\/media?parent=209"}],"curies":[{"name":"wp","href":"https:\/\/api.w.org\/{rel}","templated":true}]}}